 36 is divided by q.
10
Let l(q) = 16*q**3 + q**2 - 6*q + 7. What is the remainder when l(2) is divided by 29?
11
What is the remainder when 415 is divided by (-1)/(-3)*57 + (-5 + 5 - 5)?
9
Let j = 20761 + -20753. What is the remainder when 11677 is divided by j?
5
Suppose -3*k + j + 99 = 0, k - j - 20 - 15 = 0. What is the remainder when 5023 is divided by k?
31
Let a(f) = -78*f + 24. Let t be a(-2). What is the remainder when 3*(-8)/t + 14867/15 is divided by 62?
61
Suppose -2*p = -5*m - 146, 3*p - 3*m + 21 - 267 = 0. Calculate the remainder when 116 is divided by p.
28
Let n = -4075 + 4146. Calculate the remainder when 1058 is divided by n.
64
Let o(h) = -4*h + 25. Let j be o(6). Let c(a) = 3*a + 7. Let l be c(j). Suppose -5*w - l = -30. What is the remainder when 6 is divided by w?
2
Calculate the remainder when (-18)/(-21) - 1808736/(-581) is divided by 41.
39
Suppose -29 = 4*u + 5*j - 106, 3*j + 37 = 4*u. Suppose 5*b - 6 = 114. Let n = b - u. Calculate the remainder when 42 is divided by n.
9
Calculate the remainder when 1099 is divided by (11 + (-735)/63)/(2/(-1077)).
22
Let s = 197 + -115. Let h = 88 - s. What is the remainder when 147 is divided by h?
3
Suppose 0 = -4*z + 5*x + 1777, 2*z = -z + 5*x + 1334. Calculate the remainder when z is divided by 5.
3
Let u be 2 + ((-12)/24)/(1/2). What is the remainder when 54 is divided by (u - 117)*9/(-36)?
25
Suppose -613 = -3*f - 2*m, -3*f + 9*m + 588 = 6*m. Suppose 4*q - 3*d - 204 = d, 0 = -4*q + 5*d + f. Calculate the remainder when 144 is divided by q.
36
Let k = 9540 - 9421. Calculate the remainder when 561 is divided by k.
85
Suppose -130 = -3*u - 121, 2*n - 4015 = 3*u. Calculate the remainder when n is divided by 97.
72
Let y = -700 + 839. What is the remainder when y is divided by 62?
15
Let c be (49/4 + 4)/(2/(-24)). Let h = c + 281. What is the remainder when h is divided by 15?
11
Suppose 0 = -5*o + o + 288. Let w(r) = -2*r + 5. Calculate the remainder when w(-6) is divided by (-48)/(-7) + o/(-84).
5
Suppose -77 = -11*p + 1166. What is the remainder when p is divided by 3?
2
Suppose -10725 = -63*j - 2031. Calculate the remainder when 711 is divided by j.
21
Suppose -320*z = -160*z - 157*z - 291. Calculate the remainder when 1531 is divided by z.
76
Let n be 42/18 - ((-15)/(-9))/5. Suppose -346 = n*x - 1004. Calculate the remainder when x is divided by 15.
14
Suppose 0 = 6*g + 12, -f + 10*g = 14*g - 503. Calculate the remainder when f is divided by 19.
17
Suppose -14 = -6*x + 7*x. Let s = x + 36. Let h = -2 + s. What is the remainder when h is divided by 11?
9
Suppose 0 = 792*z - 798*z + 516. Let d = 129 - z. What is the remainder when d is divided by 24?
19
Suppose 3*m - 12 = 33. Suppose i - 4*r = 17, 106*i - 101*i = 5*r + 130. Calculate the remainder when i is divided by m.
14
Calculate the remainder when 25315/332*(-48)/(-20) is divided by 172.
11
Suppose 5*t - 19 - 56 = 0. Let p(w) = 17*w - 97. Let r be p(6). Suppose -r*l + 3*j = -52 - 74, 102 = 4*l - 2*j. What is the remainder when l is divided by t?
12
Suppose 2*z = -6*g + 835 + 817, 0 = -3*z + 21. Calculate the remainder when 586 is divided by g.
40
Suppose 123*q - 126*q - 18 = 0. Let n(w) = -w**3 - 5*w**2 + 2*w + 4. What is the remainder when 350 is divided by n(q)?
14
Let y be 5875/15*(-2 + 8). Suppose 12*x + y = 62*x. Calculate the remainder when 130 is divided by x.
36
Let h = -16005 + 16029. What is the remainder when 839 is divided by h?
23
Suppose 0 = -53*c + 18*c + 350. Suppose -2*a = -h + c, -4*h - 5*a = -10*a - 55. What is the remainder when 34 is divided by h?
14
Let u = 31123 + -30935. What is the remainder when 273 is divided by u?
85
Let r = -10 + 15. Suppose 405 = 5*o - r*m, 2*o + m = 60 + 99. Let j = -27 + o. Calculate the remainder when j is divided by 14.
11
Suppose -7*k = -6*k - 234. Suppose -q + k = -0*q - 3*m, 3*m = 4*q - 954. What is the remainder when q is divided by 62?
54
Let d(c) = -c**2 - 6*c + 57. Suppose 76 - 10 = -6*a. What is the remainder when 7 is divided by d(a)?
1
Let n(i) = -11*i**2 - 94*i - 164. What is the remainder when 704 is divided by n(-4)?
20
Suppose z - 5*d + 1 = 0, 4*z - 4 = 3*d + 9. Let i(v) = -v**2 - 7*v + 17. Let k be i(-9). What is the remainder when -2 + k + (-1 - -16) is divided by z?
0
What is the remainder when (-6)/(932/67 - 14) is divided by 31?
5
Let k be 97/4 - (3/(-12))/(-1). Suppose 0 = -5*a - 4 + k. Suppose -2*z + 204 = 4*c - a*z, 0 = -2*z - 4. What is the remainder when c is divided by 26?
24
Suppose 32*z - 26*z + 63*z = 267996. Calculate the remainder when z is divided by 216.
212
Suppose -2*j + 65 = 5*t, 8*j + 3*t = 3*j + 191. Let w = 111 - j. What is the remainder when w is divided by -3 + 30*(-3)/(-6)?
11
Suppose -3*o - 21 + 33 = 0. Let c = -4 + o. Suppose 5*u - 282 = 4*x, c*x + 5*x - 255 = -5*u. Calculate the remainder when 269 is divided by u.
53
Suppose 0 = 81*k + 50*k - 65*k - 1122. What is the remainder when 9043 is divided by k?
16
Let z(j) = 2*j**2 + 0 - 15*j - 7 + 0 - 13. What is the remainder when z(10) is divided by 11?
8
Suppose -3*c - 3*n = -2028, -433*n + 431*n + 10 = 0. What is the remainder when c is divided by 118?
81
Suppose 2*a = 5*y + 728, 2*y - 952 = -a - 606. Calculate the remainder when a is divided by 193.
161
Suppose -4*t - 1552 = -3*v, -2*t - 2056 = -32*v + 28*v. What is the remainder when v is divided by 109?
76
Let z = 8737 + -8710. Let x(i) = i**2 + 14*i + 14. What is the remainder when x(-15) is divided by z?
2
Let u(s) = -s**3 + 4*s**2 - 14*s + 64. Let c(d) = 3*d + 15. What is the remainder when c(10) is divided by u(4)?
5
Suppose -y = -x - 111, -2*y - 3*x = y - 303. Calculate the remainder when y - (2 + (-1 - -1)) is divided by 15.
14
Calculate the remainder when 368 is divided by 10/(-2)*136258/(-1930).
15
Let z = -487 + 499. Calculate the remainder when 1895 is divided by z.
11
Let q(v) = v**3 - v**2 - 8*v + 1927. Let x be q(0). Suppose -32*f + 2201 = -x. Calculate the remainder when f is divided by 33.
30
Let r = 2978 + -2474. What is the remainder when r is divided by 41?
12
Let h = 1701 - 1618. What is the remainder when 646 is divided by h?
65
Let y(j) = -148*j - 5408. Suppose -w - 394 = -o - 2*o, -o + 138 = 3*w. What is the remainder when o is divided by y(-37)?
64
Let m = 272989 + -272965. Calculate the remainder when 1/(-1) + (66 - -2) is divided by m.
19
Let i(t) = t**2 + 2*t - 3. Let j be i(-8). Suppose -5*f = -j - 30. What is the remainder when 26 is divided by f?
11
Suppose -107*k + 192 = -99*k. What is the remainder when 141 is divided by k?
21
Suppose -2*v - 20 = 5*q, -2*v - 5 + 1 = q. Suppose -h = n - v*n - 22, 5*n - h - 104 = 0. Calculate the remainder when (-8)/2 + (-765)/(-9) is divided by n.
18
Let w be (-5)/10 + 17/2. Suppose -76 = 5*m - 9*m - 4*c, -5*m = -3*c - 127. What is the remainder when m is divided by 9*-1*w/(-6)?
11
Let r = 213 + -150. Let x = 80 - r. Calculate the remainder when x is divided by 2.
1
What is the remainder when 472 is divided by (-280)/(-6)*(-15)/(-25)?
24
Let x = 28 - 21. What is the remainder when 874 is divided by x?
6
Let k(u) = -716*u + 1123. Calculate the remainder when k(-12) is divided by 41.
39
Suppose 0 = -13*w + 5*w + 2264. Let t = -168 + w. What is the remainder when t is divided by 17?
13
Let y = 75 + -72. What is the remainder when ((296/24)/(-1))/((-1)/y) is divided by 12?
1
Calculate the remainder when 963 is divided by (-1940)/(-16) - 53/212.
116
Let z = 42 + -38. Suppose j = z*h - 950, 634 = 3*h + 3*j - 86. What is the remainder when h is divided by 40?
38
Suppose 5*p - 200 = 3*z + 299, 6 = 3*z. What is the remainder when p is divided by 88?
13
Suppose 30*k + 3*s + 3199 = 32*k, 0 = 4*k + 2*s - 6390. Calculate the remainder when k is divided by 50.
48
Suppose a - 70*d + 75*d - 26 = 0, 104 = 3*a + 2*d. What is the remainder when 182 is divided by a?
2
Suppose -10*r + 27 = -33. Let d = 31 - r. What is the remainder when 95 is divided by d?
20
Let g(o) = -75*o**3 - 17*o**2 - 15*o + 2. Suppose -23*a + 16*a = 7. What is the remainder when g(a) is divided by 6?
3
Suppose v - 50 = 38. Suppose -5*r = -2*h - 125, 3*r + 0*r - 91 = -2*h. Calculate the remainder when v is divided by r.
7
Let r = 4511 - 4356. What is the remainder when r is divided by 39?
38
Let h = -25 - -34. 